{"id":9,"date":"2014-01-19T12:58:12","date_gmt":"2014-01-19T12:58:12","guid":{"rendered":"https:\/\/buergerverein-ohmstede.de\/?page_id=9"},"modified":"2016-02-05T20:13:42","modified_gmt":"2016-02-05T19:13:42","slug":"ueberblick","status":"publish","type":"page","link":"https:\/\/buergerverein-ohmstede.de\/?page_id=9","title":{"rendered":"Der Verein"},"content":{"rendered":"<p><strong>Der Verein in Ohmstede und Bornhorst\u00a0<\/strong><\/p>\n<p>Willkommen auf der Homepage des B\u00fcrgervereins Ohmstede e.V.<br \/>\nHier k\u00f6nnen sie mehr \u00fcber den B\u00fcrgerverein erfahren. Wir w\u00fcnschen Ihnen viel Spa\u00df beim Surfen auf dieser Seite.<br \/>\nZielsetzung und Aufgaben des Vereins sind:<\/p>\n<ul>\n<li>Aktivit\u00e4ten zur Pflege des Zusammenhaltes zwischen den B\u00fcrger\/innen in den Ortsteilen Ohmstede und Bornhorst.<\/li>\n<li>F\u00f6rderung des Heimatgedanken und des traditionellen Brauchtums.<\/li>\n<li>Einsatz und Mithilfe um die Grundschule Ohmstede zu st\u00e4rken und einen Beitrag zur Verbesserung der Lernbedingungen erbringen.<\/li>\n<li>Der B\u00fcrgerverein m\u00f6chte Mittler sein zwischen B\u00fcrger, Rat und Verwaltung und dabei die B\u00fcrgerinteressen konzentriert vorbringen.<\/li>\n<li>Die Verbesserung der Verkehrsverh\u00e4ltnisse ist uns ein Anliegen.<\/li>\n<li>Ausbau der Zusammenarbeit mit den anderen Ortsvereinen<\/li>\n<\/ul>\n<p>Falls wir Ihr Interesse geweckt haben sprechen Sie uns an oder schicken uns eine E-Mail an kontakt@buergerverein-ohmstede.de<\/p>\n<p><strong>Leitmotive und Aufgaben\u00a0<\/strong><\/p>\n<p>Die Institution B\u00fcrgerverein zeichnet sich durch folgende Leitmotive aus:<\/p>\n<ul>\n<li>Mittler zwischen B\u00fcrger, Rat und Verwaltung<\/li>\n<li>konzentriertes Vorbringen unserer B\u00fcrgerinteressen (Sprachrohr)<\/li>\n<li>Verbesserung der Verkehrsverh\u00e4ltnisse<\/li>\n<li>Fl\u00e4chennutzungspl\u00e4ne, Bebauungspl\u00e4ne<\/li>\n<li>Schulwesen<\/li>\n<li>Zusammenarbeit mit anderen Ortsvereinen<\/li>\n<\/ul>\n<p>Die vorgenannten Leitmotive haben zum Ziel, die Wohn- und Lebensqualit\u00e4t in Oldenburg-Ohmstede zu erhalten.<\/p>\n<p>&nbsp;<\/p>\n","protected":false},"excerpt":{"rendered":"<p>Der Verein in Ohmstede und Bornhorst\u00a0 Willkommen auf der Homepage des B\u00fcrgervereins Ohmstede e.V. Hier k\u00f6nnen sie mehr \u00fcber den B\u00fcrgerverein erfahren. Wir w\u00fcnschen Ihnen viel Spa\u00df beim Surfen auf dieser Seite. Zielsetzung und Aufgaben des Vereins sind: Aktivit\u00e4ten zur Pflege des Zusammenhaltes zwischen den B\u00fcrger\/innen in den Ortsteilen Ohmstede und Bornhorst. F\u00f6rderung des Heimatgedanken [&hellip;]<\/p>\n","protected":false},"author":3,"featured_media":0,"parent":0,"menu_order":1,"comment_status":"closed","ping_status":"closed","template":"","meta":{"footnotes":""},"class_list":["post-9","page","type-page","status-publish","hentry"],"_links":{"self":[{"href":"https:\/\/buergerverein-ohmstede.de\/index.php?rest_route=\/wp\/v2\/pages\/9","targetHints":{"allow":["GET"]}}],"collection":[{"href":"https:\/\/buergerverein-ohmstede.de\/index.php?rest_route=\/wp\/v2\/pages"}],"about":[{"href":"https:\/\/buergerverein-ohmstede.de\/index.php?rest_route=\/wp\/v2\/types\/page"}],"author":[{"embeddable":true,"href":"https:\/\/buergerverein-ohmstede.de\/index.php?rest_route=\/wp\/v2\/users\/3"}],"replies":[{"embeddable":true,"href":"https:\/\/buergerverein-ohmstede.de\/index.php?rest_route=%2Fwp%2Fv2%2Fcomments&post=9"}],"version-history":[{"count":4,"href":"https:\/\/buergerverein-ohmstede.de\/index.php?rest_route=\/wp\/v2\/pages\/9\/revisions"}],"predecessor-version":[{"id":462,"href":"https:\/\/buergerverein-ohmstede.de\/index.php?rest_route=\/wp\/v2\/pages\/9\/revisions\/462"}],"wp:attachment":[{"href":"https:\/\/buergerverein-ohmstede.de\/index.php?rest_route=%2Fwp%2Fv2%2Fmedia&parent=9"}],"curies":[{"name":"wp","href":"https:\/\/api.w.org\/{rel}","templated":true}]}}