{"id":13,"date":"2014-01-19T13:02:26","date_gmt":"2014-01-19T12:02:26","guid":{"rendered":"https:\/\/buergerverein-ohmstede.de\/?page_id=13"},"modified":"2026-04-20T21:18:14","modified_gmt":"2026-04-20T19:18:14","slug":"veranstaltungen","status":"publish","type":"page","link":"https:\/\/buergerverein-ohmstede.de\/?page_id=13","title":{"rendered":"Termine"},"content":{"rendered":"\n<p>22. April 2026, 19:30 Uhr, Ortsvereinstreffen, Vereinsheim Bunker-Club-Bornhorst<br>24. April 2026, 15:00 Uhr, Repair-Cafe<br>7. Mai, 18:30 Uhr, Windpark in Bornhorst, Kulturzentrum Rennplatz<br>22. Mai; 14.30 Uhr, Repair-Cafe im Kulturzentrum<br>23. Mai, 14 Uhr, Pfingstbaumbinden in Klein-Bornhorst<br>24. Mai, 15 Uhr, Pfingstbaumsetzen beim Mykonos<br>4. Juni, Vorstands- und Beiratssitzung<br>14. Juni, Fahrt zum \u201cTag der Niedersachsen\u201d<br>25. Juni, 19 Uhr, Notfallkonzept \u2013 Vortrag der Feuerwehr<br>26. Juni, 14.30 Uhr, Repair-Cafe im Kulturzentrum<br>2. August, Dorffest in Klein-Bornhorst<br>6. August, Vorstands- und Beiratssitzung<br>9. August, Diers-Hoffest, BV mit eigenem Infostand<br>20. August, Betriebsbesichtigung der Fa. Kalkhoff<br>29. August, Stadtteilefest beim Kulturzentrum; Beteiligung vom B\u00fcrgerverein mit verschiedenen Aktivit\u00e4ten<\/p>\n\n\n\n<p><\/p>\n\n\n\n<h2 class=\"wp-block-heading\">Beiratssitzungen des B\u00fcrgervereins:<\/h2>\n\n\n\n<p><strong>Die Beiratssitzungen sind grunds\u00e4tzlich \u00f6ffentlich.<\/strong>&nbsp;Jede B\u00fcrgerin und jeder B\u00fcrger, die\/der sich einen Einblick \u00fcber die Arbeit des B\u00fcrgervereins verschaffen oder ein Anliegen vortragen m\u00f6chte, ist herzlich eingeladen, zu den Treffen zu erscheinen. Aus organisatorischen Gr\u00fcnden ist eine <strong>Anmeldung <\/strong>per Telefon oder \u00fcber das Kontaktformular dieser Homepage erforderlich.<\/p>\n\n\n\n<p><\/p>\n","protected":false},"excerpt":{"rendered":"<p>22. April 2026, 19:30 Uhr, Ortsvereinstreffen, Vereinsheim Bunker-Club-Bornhorst24. April 2026, 15:00 Uhr, Repair-Cafe7. Mai, 18:30 Uhr, Windpark in Bornhorst, Kulturzentrum Rennplatz22. Mai; 14.30 Uhr, Repair-Cafe im Kulturzentrum23. Mai, 14 Uhr, Pfingstbaumbinden in Klein-Bornhorst24. Mai, 15 Uhr, Pfingstbaumsetzen beim Mykonos4. Juni, Vorstands- und Beiratssitzung14. Juni, Fahrt zum \u201cTag der Niedersachsen\u201d25. Juni, 19 Uhr, Notfallkonzept \u2013 Vortrag [&hellip;]<\/p>\n","protected":false},"author":3,"featured_media":0,"parent":0,"menu_order":3,"comment_status":"closed","ping_status":"closed","template":"","meta":{"footnotes":""},"class_list":["post-13","page","type-page","status-publish","hentry"],"_links":{"self":[{"href":"https:\/\/buergerverein-ohmstede.de\/index.php?rest_route=\/wp\/v2\/pages\/13","targetHints":{"allow":["GET"]}}],"collection":[{"href":"https:\/\/buergerverein-ohmstede.de\/index.php?rest_route=\/wp\/v2\/pages"}],"about":[{"href":"https:\/\/buergerverein-ohmstede.de\/index.php?rest_route=\/wp\/v2\/types\/page"}],"author":[{"embeddable":true,"href":"https:\/\/buergerverein-ohmstede.de\/index.php?rest_route=\/wp\/v2\/users\/3"}],"replies":[{"embeddable":true,"href":"https:\/\/buergerverein-ohmstede.de\/index.php?rest_route=%2Fwp%2Fv2%2Fcomments&post=13"}],"version-history":[{"count":122,"href":"https:\/\/buergerverein-ohmstede.de\/index.php?rest_route=\/wp\/v2\/pages\/13\/revisions"}],"predecessor-version":[{"id":2866,"href":"https:\/\/buergerverein-ohmstede.de\/index.php?rest_route=\/wp\/v2\/pages\/13\/revisions\/2866"}],"wp:attachment":[{"href":"https:\/\/buergerverein-ohmstede.de\/index.php?rest_route=%2Fwp%2Fv2%2Fmedia&parent=13"}],"curies":[{"name":"wp","href":"https:\/\/api.w.org\/{rel}","templated":true}]}}