{"id":13,"date":"2014-01-19T13:02:26","date_gmt":"2014-01-19T12:02:26","guid":{"rendered":"https:\/\/buergerverein-ohmstede.de\/?page_id=13"},"modified":"2026-08-20T20:39:26","modified_gmt":"2026-08-20T18:39:26","slug":"veranstaltungen","status":"publish","type":"page","link":"https:\/\/buergerverein-ohmstede.de\/?page_id=13","title":{"rendered":"Termine"},"content":{"rendered":"\n<p>23. August, 14 Uhr Fahrradtour mit Betriebsbesichtigung und Grillen, Fahrradtour begrenzt auf 25 Teilnehmer, beim Grillen keine Begrenzung <\/p>\n\n\n\n<p>28. August, 14.00 -16.30 Uhr Repaircafe im Kulturzentrum Rennplatzstra\u00dfe <\/p>\n\n\n\n<p>29. August, von 14.00 bis 17.00 Uhr Stadtteilefest beim Kulturzentrum Beteiligung vom B\u00fcrgerverein mit verschiedenen Aktivit\u00e4ten <\/p>\n\n\n\n<p><strong>5. September<\/strong>, 40j\u00e4hriges Vereinsjubil\u00e4um des FC Ohmstede<\/p>\n\n\n\n<p><strong>6. September &#8211; <\/strong>10.00 Uhr, Festgottesdienst zur Orgeleinweihung<\/p>\n\n\n\n<p><strong>6. September &#8211; <\/strong>17.00 Uhr, Orgelkonzert mit Ingrid Kasper<\/p>\n\n\n\n<p><strong>10. September \u2013 19.00 Uhr<\/strong>, Vorstands- und Beiratssitzung im Kulturzentrum Rennplatz<\/p>\n\n\n\n<p><strong>12. September \u2013 14.30 Uhr<\/strong>, Teetied in Waterende; Anmeldung bei Gabriele Ammermann, Tel. 0441\/381208<\/p>\n\n\n\n<p><strong>23. September \u2013 19.30<\/strong> <strong>Uhr<\/strong>, Ortsvereinstreffen beim FC Ohmstede<\/p>\n\n\n\n<p><strong>25. September \u2013 14.30<\/strong> <strong>Uhr<\/strong>, Repaircaf\u00e9 im Kulturzentrum Rennplatz<\/p>\n\n\n\n<p><strong>3. Oktober \u2013 13<\/strong>.<strong>00 Uhr<\/strong>, Teilnahme am Kramermarktsumzug vom ASTOB<\/p>\n\n\n\n<p><strong>11. Oktober \u2013 10.00 Uhr<\/strong>, B\u00fcrgerfr\u00fchst\u00fcck im Kulturzentrum Rennplatz<\/p>\n\n\n\n<p><strong>22. Oktober \u2013 19.00 Uhr<\/strong>, Vortrag\/Film \u00fcber eine Motorradfahrt mit dem Titel \u201cGrenzenlos\u201d vom BV-Mitglied Magnus K\u00fchnhardt<\/p>\n\n\n\n<p><strong>23. Oktober \u2013 14.30 Uhr<\/strong>, Repaircaf\u00e9 im Kulturzentrum Rennplatz<\/p>\n\n\n\n<p><strong>1. November<\/strong> &#8211;<strong> 14.30 Uhr<\/strong>, 75-Jahre B\u00fcrgerverein Ohmstede im Bunker-Club &#8211; Details in der n\u00e4chsten Ausgabe<\/p>\n\n\n\n<p><strong>13. November<\/strong>, Laternelaufen mit Gottesdienst in Ohmsteder Kirche, mit Begleitung der Ohmsteder Feuerwehr, Abschluss im Kulturzentrum<\/p>\n\n\n\n<p><strong>15. November &#8211; 10.30 Uhr<\/strong>, Kranzniederlegung der Ortsvereine nach dem Gottesdienst<\/p>\n\n\n\n<p><strong>21. November \u2013 10.00 Uhr<\/strong>, Obstbaumpflanzung bei der Ohmsteder Kirche<\/p>\n\n\n\n<p><strong>27. November \u2013 14.30 Uhr<\/strong>, Repaircaf\u00e9 im Kulturzentrum Rennplatz<\/p>\n\n\n\n<p><strong>5. Dezember \u2013 14.30 Uhr<\/strong>, Teetied in Waterende<\/p>\n\n\n\n<h2 class=\"wp-block-heading\">Beiratssitzungen des B\u00fcrgervereins:<\/h2>\n\n\n\n<p><strong>Die Beiratssitzungen sind grunds\u00e4tzlich \u00f6ffentlich.<\/strong>&nbsp;Jede B\u00fcrgerin und jeder B\u00fcrger, die\/der sich einen Einblick \u00fcber die Arbeit des B\u00fcrgervereins verschaffen oder ein Anliegen vortragen m\u00f6chte, ist herzlich eingeladen, zu den Treffen zu erscheinen. Aus organisatorischen Gr\u00fcnden ist eine <strong>Anmeldung <\/strong>per Telefon oder \u00fcber das Kontaktformular dieser Homepage erforderlich.<\/p>\n\n\n\n<p><\/p>\n","protected":false},"excerpt":{"rendered":"<p>23. August, 14 Uhr Fahrradtour mit Betriebsbesichtigung und Grillen, Fahrradtour begrenzt auf 25 Teilnehmer, beim Grillen keine Begrenzung 28. August, 14.00 -16.30 Uhr Repaircafe im Kulturzentrum Rennplatzstra\u00dfe 29. August, von 14.00 bis 17.00 Uhr Stadtteilefest beim Kulturzentrum Beteiligung vom B\u00fcrgerverein mit verschiedenen Aktivit\u00e4ten 5. September, 40j\u00e4hriges Vereinsjubil\u00e4um des FC Ohmstede 6. September &#8211; 10.00 Uhr, [&hellip;]<\/p>\n","protected":false},"author":3,"featured_media":0,"parent":0,"menu_order":3,"comment_status":"closed","ping_status":"closed","template":"","meta":{"footnotes":""},"class_list":["post-13","page","type-page","status-publish","hentry"],"_links":{"self":[{"href":"https:\/\/buergerverein-ohmstede.de\/index.php?rest_route=\/wp\/v2\/pages\/13","targetHints":{"allow":["GET"]}}],"collection":[{"href":"https:\/\/buergerverein-ohmstede.de\/index.php?rest_route=\/wp\/v2\/pages"}],"about":[{"href":"https:\/\/buergerverein-ohmstede.de\/index.php?rest_route=\/wp\/v2\/types\/page"}],"author":[{"embeddable":true,"href":"https:\/\/buergerverein-ohmstede.de\/index.php?rest_route=\/wp\/v2\/users\/3"}],"replies":[{"embeddable":true,"href":"https:\/\/buergerverein-ohmstede.de\/index.php?rest_route=%2Fwp%2Fv2%2Fcomments&post=13"}],"version-history":[{"count":132,"href":"https:\/\/buergerverein-ohmstede.de\/index.php?rest_route=\/wp\/v2\/pages\/13\/revisions"}],"predecessor-version":[{"id":2960,"href":"https:\/\/buergerverein-ohmstede.de\/index.php?rest_route=\/wp\/v2\/pages\/13\/revisions\/2960"}],"wp:attachment":[{"href":"https:\/\/buergerverein-ohmstede.de\/index.php?rest_route=%2Fwp%2Fv2%2Fmedia&parent=13"}],"curies":[{"name":"wp","href":"https:\/\/api.w.org\/{rel}","templated":true}]}}

<p>23. August, 14 Uhr Fahrradtour mit Betriebsbesichtigung und Grillen, Fahrradtour begrenzt auf 25 Teilnehmer, beim Grillen keine Begrenzung </p>



<p>28. August, 14.00 -16.30 Uhr Repaircafe im Kulturzentrum Rennplatzstraße </p>



<p>29. August, von 14.00 bis 17.00 Uhr Stadtteilefest beim Kulturzentrum Beteiligung vom Bürgerverein mit verschiedenen Aktivitäten </p>



<p><strong>5. September</strong>, 40jähriges Vereinsjubiläum des FC Ohmstede</p>



<p><strong>6. September &#8211; </strong>10.00 Uhr, Festgottesdienst zur Orgeleinweihung</p>



<p><strong>6. September &#8211; </strong>17.00 Uhr, Orgelkonzert mit Ingrid Kasper</p>



<p><strong>10. September – 19.00 Uhr</strong>, Vorstands- und Beiratssitzung im Kulturzentrum Rennplatz</p>



<p><strong>12. September – 14.30 Uhr</strong>, Teetied in Waterende; Anmeldung bei Gabriele Ammermann, Tel. 0441/381208</p>



<p><strong>23. September – 19.30</strong> <strong>Uhr</strong>, Ortsvereinstreffen beim FC Ohmstede</p>



<p><strong>25. September – 14.30</strong> <strong>Uhr</strong>, Repaircafé im Kulturzentrum Rennplatz</p>



<p><strong>3. Oktober – 13</strong>.<strong>00 Uhr</strong>, Teilnahme am Kramermarktsumzug vom ASTOB</p>



<p><strong>11. Oktober – 10.00 Uhr</strong>, Bürgerfrühstück im Kulturzentrum Rennplatz</p>



<p><strong>22. Oktober – 19.00 Uhr</strong>, Vortrag/Film über eine Motorradfahrt mit dem Titel “Grenzenlos” vom BV-Mitglied Magnus Kühnhardt</p>



<p><strong>23. Oktober – 14.30 Uhr</strong>, Repaircafé im Kulturzentrum Rennplatz</p>



<p><strong>1. November</strong> &#8211;<strong> 14.30 Uhr</strong>, 75-Jahre Bürgerverein Ohmstede im Bunker-Club &#8211; Details in der nächsten Ausgabe</p>



<p><strong>13. November</strong>, Laternelaufen mit Gottesdienst in Ohmsteder Kirche, mit Begleitung der Ohmsteder Feuerwehr, Abschluss im Kulturzentrum</p>



<p><strong>15. November &#8211; 10.30 Uhr</strong>, Kranzniederlegung der Ortsvereine nach dem Gottesdienst</p>



<p><strong>21. November – 10.00 Uhr</strong>, Obstbaumpflanzung bei der Ohmsteder Kirche</p>



<p><strong>27. November – 14.30 Uhr</strong>, Repaircafé im Kulturzentrum Rennplatz</p>



<p><strong>5. Dezember – 14.30 Uhr</strong>, Teetied in Waterende</p>



<h2 class="wp-block-heading">Beiratssitzungen des Bürgervereins:</h2>



<p><strong>Die Beiratssitzungen sind grundsätzlich öffentlich.</strong>&nbsp;Jede Bürgerin und jeder Bürger, die/der sich einen Einblick über die Arbeit des Bürgervereins verschaffen oder ein Anliegen vortragen möchte, ist herzlich eingeladen, zu den Treffen zu erscheinen. Aus organisatorischen Gründen ist eine <strong>Anmeldung </strong>per Telefon oder über das Kontaktformular dieser Homepage erforderlich.</p>



<p></p>

<p>23. August, 14 Uhr Fahrradtour mit Betriebsbesichtigung und Grillen, Fahrradtour begrenzt auf 25 Teilnehmer, beim Grillen keine Begrenzung 28. August, 14.00 -16.30 Uhr Repaircafe im Kulturzentrum Rennplatzstraße 29. August, von 14.00 bis 17.00 Uhr Stadtteilefest beim Kulturzentrum Beteiligung vom Bürgerverein mit verschiedenen Aktivitäten 5. September, 40jähriges Vereinsjubiläum des FC Ohmstede 6. September &#8211; 10.00 Uhr, [&hellip;]</p>
